t common factor of l and w.
13
Let b = -11 + 21. Suppose 0 = 3*j + v + 3*v - 82, j - 20 = -5*v. What is the greatest common divisor of b and j?
10
Let x(k) = -k**2 - k + 1. Let l(h) = -5*h**2. Let b(q) = -l(q) + 6*x(q). Let z be b(-6). Calculate the highest common factor of 9 and z.
3
Suppose 2*g - 4 = 10. Let z(w) = 51*w - 2. Let h be z(1). Calculate the highest common factor of h and g.
7
Suppose -5*a + a + 45 = 5*h, -4*a - 3*h = -35. Let n(s) = 3*s + 6. Let j be n(a). Calculate the greatest common divisor of 21 and j.
21
Suppose 3*l - 5*f = -2*f + 6, -3*l - 2*f + 1 = 0. Let r(c) = -5 - l + 1 + c. Let j be r(8). What is the greatest common divisor of 2 and j?
1
Let v be 2 - (4*-5 + 4). Calculate the greatest common divisor of v and 27.
9
Let g(x) = x**3 + 5*x**2 + 3*x. Let v be g(-2). Let p be (-4)/v + (-272)/(-3). What is the greatest common factor of 18 and p?
18
Let l(c) = 18*c - 17*c + 41*c**3 + 0*c**3. Let o be l(1). Suppose -3*w - 3*d = -21, 2*d = -4*w - d + 27. What is the highest common divisor of w and o?
6
Suppose -18 = -3*f + 6. Let s be ((-36)/27)/(3/(-162)). What is the greatest common divisor of f and s?
8
Suppose -2*g = -4*g + 4. Suppose -4*t + 43 = 5*i, -4*t + t + g = i. What is the greatest common divisor of 55 and i?
11
Let k = 69 + -61. What is the greatest common factor of 32 and k?
8
Suppose -4*o - 5*q = -0*o - 79, 3 = q. Let b be 4/(-10) - 402/(-5). Calculate the highest common divisor of o and b.
16
Suppose -r + 2 = 2*n, r - 4*n + 9 = 35. What is the highest common factor of 10 and r?
10
Let n(m) = m**2 - 7*m + 5. Let z be n(-8). What is the highest common factor of 75 and z?
25
Let r = 39 - 9. Calculate the highest common divisor of r and 10.
10
Suppose -2*b - 13 = 3*u, 0*b - 2 = 3*b + u. Let f(d) = 8*d**3 - 2*d + 1. Let t be f(b). Calculate the greatest common divisor of 63 and t.
7
Let n be 2/(2/37) + 5. What is the greatest common divisor of 12 and n?
6
Let b = 18 - 13. Let t be (-1)/((-1)/b)*1. Suppose -t*q = -0*q - 60. What is the greatest common factor of 6 and q?
6
Let f be 2 - (-4)/(-2) - -21. Let u = 34 - f. Let a(k) = -k**3 - 5*k**2 - 3*k - 2. Let g be a(-5). What is the greatest common factor of g and u?
13
Suppose -4*f = -7*f - 258. Let h = 124 + f. Calculate the highest common factor of h and 19.
19
Suppose -5*b = -3*m - 275, 2*m = 3*b + 3*m - 165. Calculate the greatest common divisor of b and 11.
11
Suppose -3*d + 2*d - 3*n = -3, 3*d = -2*n + 37. Calculate the highest common factor of 9 and d.
3
Suppose -5*v + 8 = 3*y, 5*v + 31 = y + v. Let w = -6 + y. Calculate the highest common divisor of w and 40.
5
Suppose -4*p + 10 = 2*a - 0*a, 0 = p + 4*a - 13. Let g = 5 + p. Calculate the greatest common factor of g and 6.
6
Suppose 2*x + 5*v = 34, 0 = -3*x - 5*v + 55 + 1. What is the greatest common divisor of x and 55?
11
Let h = -13 + 3. Let s be (1/2)/((-5)/h). Let p be (-8)/24 + (-13)/(-3). Calculate the highest common factor of p and s.
1
Let s(g) = -14*g**3 - 7*g - 5. Let q be s(-2). What is the greatest common factor of 11 and q?
11
Let u(r) = -r - 8. Let q be u(0). Let l be 33/22*q/(-3). What is the highest common factor of 10 and l?
2
Let b = 1 - -6. Let h be (1 + 0)*(8 - 1). Calculate the highest common factor of b and h.
7
Suppose -1028 = 9*g - 2864. Calculate the highest common divisor of g and 12.
12
Let b = -6 + 2. Let q be (-2)/8 + (-69)/b. Calculate the greatest common factor of 17 and q.
17
Let z = 5 - -3. What is the greatest common divisor of z and 12?
4
Suppose -7 = r + 4*w, -2*r + 3*r + 3*w = -3. Calculate the highest common factor of r and 99.
9
Let k(g) = g**3 + 4*g**2 - 5*g - 2. Let h be k(-5). Let j be h + -4 + 2 + 7. Let b = j - -4. What is the highest common divisor of 7 and b?
7
Let f = 9 - -11. Calculate the greatest common factor of 4 and f.
4
Let o(x) = x**3 - 3*x**2 - 3*x - 2. Let y be (-32)/(-6) - 1/3. Let r be o(y). Let d be (r*7)/((-9)/(-6)). What is the greatest common divisor of d and 14?
14
Suppose o - 3*o + 190 = -3*f, 0 = -o + 2*f + 96. Calculate the highest common divisor of 69 and o.
23
Suppose -3*a + 3*v - 9 = 0, 4*a + 12 = 5*v - 2*v. Let z be 1*(28 + (a - -1)). What is the highest common factor of 39 and z?
13
Let t(o) = -o**3 - o**2 + 30. Let h be t(0). Suppose 2*d = -2*d + 32. Let v = 18 - d. Calculate the highest common factor of v and h.
10
Let g be -1*(1*-39)/3. Let i(y) = -y + g + y**3 + 13 + 2*y. Let c be i(0). Calculate the highest common factor of c and 65.
13
Let z be -4*(2/4 + -1). Let u be z/(4 + -2)*0. Suppose u*t + 5 = t. Calculate the highest common divisor of 5 and t.
5
Let k = -20 - -24. What is the highest common divisor of k and 4?
4
Let r(d) = -231*d. Let x(h) = 46*h. Let c(z) = -2*r(z) - 11*x(z). Let q be c(-1). Let f be 20/2 - (-2 + 1). Calculate the greatest common divisor of f and q.
11
Let o(n) = 2*n**2 + 2*n - 2. Let w be o(4). Suppose 3*l = 15, 0*r - 3*l = r - w. Let a = r + -9. Calculate the greatest common factor of a and 21.
7
Let g be -1 - (-39 - (6/3 + 0)). What is the highest common divisor of 16 and g?
8
Let a be 2/8 + 945/28. What is the highest common factor of 51 and a?
17
Let h = 74 - 46. Suppose 2*u = 5*l + 104, -4*u + l = -265 + 93. What is the highest common factor of u and h?
14
Let j(m) = -4*m**3 - 2*m**2 - 3*m - 3. Let g be j(-2). Calculate the greatest common factor of 27 and g.
27
Suppose a - 38 = -6. What is the highest common divisor of 16 and a?
16
Suppose 5*z = 3*z + 50. What is the greatest common factor of z and 25?
25
Suppose c - 12 = -3*w + 4*c, -3*c - 10 = -2*w. Suppose -o + 3 = w*o. What is the greatest common divisor of 8 and o?
1
Suppose 5*h - 27 - 63 = 0. What is the highest common divisor of h and 162?
18
Suppose -5*x + x + 216 = 0. Calculate the highest common divisor of 6 and x.
6
Let n(w) = 2*w - 6. Let p be n(5). Suppose p*z - 46 = 6. What is the highest common factor of z and 13?
13
Suppose g - 22 = -b, 2*b + 0*g = -5*g + 56. What is the greatest common divisor of b and 6?
6
Let k be 1*64 - (2 - 1). Let v(f) = f**2 - 21*f - 263. Let x be v(-9). What is the highest common factor of k and x?
7
Let z(v) = 4*v - 1. Let k be z(1). Let b be (k/1)/((-2)/(-6)). Suppose -156 = -b*m + 5*m. Calculate the greatest common factor of 13 and m.
13
Let i = -56 - -261. Let s = -414 + i. Let r be (-1 + s)*(-2)/5. Calculate the highest common factor of r and 12.
12
Let l(u) = u - 5. Let h be l(4). Let d(o) = -4*o**3 + 2*o**2 + o. Let k be d(h). Calculate the greatest common divisor of 20 and k.
5
Suppose o - 19 = -3*h, -2*h - 3*h + 53 = 3*o. Let m be (4/8)/((-2)/(-640)). Calculate the highest common divisor of o and m.
16
Suppose -3*f - 5*k - 2 = -1, -5*k + 3 = f. Let w be -3 - -6 - -8 - 3. Let z = w + f. Calculate the greatest common factor of z and 66.
6
Let p = -13 + 17. Suppose 5*l = -2*d + 48, -5*l + 3*d = 4*d - 44. Calculate the highest common divisor of l and p.
4
Let c(q) be the second derivative of 5*q**4/12 + q**3/3 + 2*q**2 + 5*q. Let j be c(3). Calculate the greatest common divisor of j and 22.
11
Suppose 0 = -6*j + j + 75. Let t be 5/j - (-296)/12. What is the highest common divisor of 50 and t?
25
Let a be 10 + 3/(0 + 3). What is the greatest common factor of a and 11?
11
Let b(u) = -u**2 - 12*u + 4. Let h be b(-11). Suppose 5*n = -4*q + 480, -q = 3*q + 3*n - 480. What is the highest common factor of q and h?
15
Suppose -108 = -3*r + 57. Let w be 10/(-4)*(-132)/r. Calculate the greatest common divisor of w and 42.
6
Let b be (-5)/(-20) - 30/(-8). Suppose 3*o = -2*o. Suppose o = z + 4*z - 100. What is the highest common factor of z and b?
4
Let v be (-4)/(-14) + (-288)/(-21). Let b = -3 - -10. Let h(o) = o**3 - 6*o**2 - 3*o + 7. Let u be h(b). Calculate the greatest common factor of v and u.
7
Let k = 728 + -398. Calculate the highest common factor of k and 30.
30
Suppose 2*h = 5*h - 3*i - 39, 5*i = 4*h - 56. Suppose -37 = -s - 4*f, -s + 3*f + 47 = 2*f. Calculate the greatest common divisor of s and h.
9
Let o(x) = -x**2 + 11*x - 9. Suppose -2*m - i = -11, -2*i - 3*i - 15 = 0. Let w be o(m). What is the greatest common factor of w and 95?
19
Let t(g) = 3*g**2 + 3*g - 2. Let a be t(2). Suppose -4*y = -20 - a. What is the greatest common factor of 9 and y?
9
Let u be -3 - -14 - 0/(-3). Calculate the greatest